{"id":854,"date":"2024-07-19T03:07:20","date_gmt":"2024-07-19T03:07:20","guid":{"rendered":"https:\/\/keweicorten.com\/?post_type=product&#038;p=854"},"modified":"2024-07-19T03:07:20","modified_gmt":"2024-07-19T03:07:20","slug":"cortenstahlblech-2","status":"publish","type":"product","link":"https:\/\/keweicorten.com\/de_ch_informal\/cortenstahlblech-2\/","title":{"rendered":"Cortenstahlblech"},"content":{"rendered":"<h2>Verstehe die Eigenschaften von Cortenstahlblech und seine Anwendung im Bauwesen:<\/h2>\n<p>1. Witterungsbest\u00e4ndigkeit: Corten-Stahlblech ist witterungsbest\u00e4ndig, kann atmosph\u00e4rischer Korrosion widerstehen und verl\u00e4ngert die Lebensdauer des Geb\u00e4udes.<\/p>\n<p>2. Hohe Festigkeit: Obwohl die Blechdicke nur 3 mm betr\u00e4gt, ist die Festigkeit des Cortenstahlblechs immer noch sehr hoch und kann eine ausreichende strukturelle Unterst\u00fctzung bieten.<\/p>\n<p>3. Gute \u00c4sthetik: Die Oberfl\u00e4che des Stahlblechs hat einen einzigartigen metallischen Glanz, der dem Geb\u00e4ude ein modernes Gef\u00fchl und Sch\u00f6nheit verleihen kann.<\/p>\n<p>3 mm wetterfester Stahl wird h\u00e4ufig in den folgenden Bereichen eingesetzt:<\/p>\n<p>1. Au\u00dfenwanddekoration: Als Material f\u00fcr die Dekoration von Au\u00dfenw\u00e4nden ist wetterfestes Stahlblech nicht nur sch\u00f6n, sondern hat auch eine gewisse w\u00e4rmeisolierende und wasserdichte Wirkung.<\/p>\n<p>2. Dachabdeckung: Wetterbest\u00e4ndiges Stahlblech wird als Dachabdeckungsmaterial verwendet, das die Erosion durch Regen wirksam verhindern und die Haltbarkeit des Daches verbessern kann.<\/p>\n<p>3. Strukturelle Komponenten: Bei den strukturellen Bauteilen des Geb\u00e4udes kann die Verwendung von wetterfesten Stahlplatten die Festigkeit und Stabilit\u00e4t der Bauteile erh\u00f6hen und die Lebensdauer verl\u00e4ngern.<\/p>\n<div style=\"width: 800px;\" class=\"wp-video\"><!--[if lt IE 9]><script>document.createElement('video');<\/script><![endif]-->\n<video class=\"wp-video-shortcode\" id=\"video-854-1\" width=\"800\" height=\"450\" preload=\"metadata\" controls=\"controls\"><source type=\"video\/mp4\" src=\"https:\/\/keweicorten.com\/wp-content\/uploads\/2024\/07\/6.mp4?_=1\" \/><a href=\"https:\/\/keweicorten.com\/wp-content\/uploads\/2024\/07\/6.mp4\">https:\/\/keweicorten.com\/wp-content\/uploads\/2024\/07\/6.mp4<\/a><\/video><\/div>\n<p><a href=\"https:\/\/keweicorten.com\/de_ch_informal\/kontaktiere-uns\/\">Kontakt US<\/a><\/p>\n<figure style=\"width: 600px\" class=\"wp-caption alignnone\"><a href=\"https:\/\/sc04.alicdn.com\/kf\/H4356800d9bde483d9dbfa7d4fa0185caL\/228414524\/H4356800d9bde483d9dbfa7d4fa0185caL.jpg\" rel=\"nofollow noopener\" target=\"_blank\"><img fetchpriority=\"high\" decoding=\"async\" title=\"Cortenstahlblech\" src=\"https:\/\/sc04.alicdn.com\/kf\/H4356800d9bde483d9dbfa7d4fa0185caL\/228414524\/H4356800d9bde483d9dbfa7d4fa0185caL.jpg\" alt=\"Cortenstahlblech\" width=\"600\" height=\"600\" \/><\/a><figcaption class=\"wp-caption-text\">Cortenstahlblech<\/figcaption><\/figure>\n<p><!--more--><\/p>","protected":false},"excerpt":{"rendered":"<p>3mm witterungsbest\u00e4ndiges Stahlblech ist eine Art Stahlblech mit hervorragender Wetterbest\u00e4ndigkeit, das h\u00e4ufig im Bauwesen und im Hochbau verwendet wird.<\/p>","protected":false},"featured_media":855,"comment_status":"open","ping_status":"closed","template":"","meta":{"_eb_attr":"","_monsterinsights_skip_tracking":false,"_monsterinsights_sitenote_active":false,"_monsterinsights_sitenote_note":"","_monsterinsights_sitenote_category":0,"_uf_show_specific_survey":0,"_uf_disable_surveys":false},"product_brand":[],"product_cat":[21],"product_tag":[],"class_list":{"0":"post-854","1":"product","2":"type-product","3":"status-publish","4":"has-post-thumbnail","6":"product_cat-weather-resistant-steel-plate","8":"first","9":"instock","10":"shipping-taxable","11":"product-type-simple"},"_links":{"self":[{"href":"https:\/\/keweicorten.com\/de_ch_informal\/wp-json\/wp\/v2\/product\/854"}],"collection":[{"href":"https:\/\/keweicorten.com\/de_ch_informal\/wp-json\/wp\/v2\/product"}],"about":[{"href":"https:\/\/keweicorten.com\/de_ch_informal\/wp-json\/wp\/v2\/types\/product"}],"replies":[{"embeddable":true,"href":"https:\/\/keweicorten.com\/de_ch_informal\/wp-json\/wp\/v2\/comments?post=854"}],"version-history":[{"count":0,"href":"https:\/\/keweicorten.com\/de_ch_informal\/wp-json\/wp\/v2\/product\/854\/revisions"}],"wp:featuredmedia":[{"embeddable":true,"href":"https:\/\/keweicorten.com\/de_ch_informal\/wp-json\/wp\/v2\/media\/855"}],"wp:attachment":[{"href":"https:\/\/keweicorten.com\/de_ch_informal\/wp-json\/wp\/v2\/media?parent=854"}],"wp:term":[{"taxonomy":"product_brand","embeddable":true,"href":"https:\/\/keweicorten.com\/de_ch_informal\/wp-json\/wp\/v2\/product_brand?post=854"},{"taxonomy":"product_cat","embeddable":true,"href":"https:\/\/keweicorten.com\/de_ch_informal\/wp-json\/wp\/v2\/product_cat?post=854"},{"taxonomy":"product_tag","embeddable":true,"href":"https:\/\/keweicorten.com\/de_ch_informal\/wp-json\/wp\/v2\/product_tag?post=854"}],"curies":[{"name":"wp","href":"https:\/\/api.w.org\/{rel}","templated":true}]}}